{"id":12,"date":"2024-01-09T10:49:23","date_gmt":"2024-01-09T09:49:23","guid":{"rendered":"https:\/\/www.kulturwerk2010.de\/2024\/?page_id=12"},"modified":"2025-05-20T13:03:25","modified_gmt":"2025-05-20T11:03:25","slug":"kulturwerk-bergwinkel","status":"publish","type":"page","link":"https:\/\/www.kulturwerk2010.de\/2024\/kulturwerk-bergwinkel\/","title":{"rendered":"KulturWerk Bergwinkel"},"content":{"rendered":"\n<div class=\"wp-block-group alignfull has-accent-2-background-color has-background has-global-padding is-layout-constrained wp-container-core-group-is-layout-669513ed wp-block-group-is-layout-constrained\" style=\"margin-top:0;margin-bottom:0;padding-top:var(--wp--preset--spacing--50);padding-right:var(--wp--preset--spacing--50);padding-bottom:var(--wp--preset--spacing--50);padding-left:var(--wp--preset--spacing--50)\">\n<div class=\"wp-block-columns alignwide is-layout-flex wp-container-core-columns-is-layout-28f84493 wp-block-columns-is-layout-flex\">\n<div class=\"wp-block-column is-layout-flow wp-block-column-is-layout-flow\" style=\"flex-basis:40%\">\n<p class=\"wp-container-content-0733e5d0\">\u00dcbersicht<\/p>\n<\/div>\n\n\n\n<div class=\"wp-block-column is-layout-flow wp-block-column-is-layout-flow\" style=\"flex-basis:60%\">\n<p class=\"has-heading-font-family has-large-font-size\" style=\"line-height:1.2\">Im Jahr 2010 haben sich in Schl\u00fcchtern, im Bergwinkel, K\u00fcnstler zusammengefunden mit der Vision Kultur hier zu pr\u00e4sentieren (Kulturwerk Bergwinkel e.V.). Einige Aktive der ersten Stunde sind noch mit dabei, neue sind hinzu gekommen. Es war und ist bunt bei uns. Wir sind \u201aPREISWERT\u2018, d.h. in unseren Reihen sind K\u00fcnstler, die Kulturpreistr\u00e4ger des Main-Kinzig-Kreises sind.<\/p>\n<\/div>\n<\/div>\n\n\n\n<div style=\"height:var(--wp--preset--spacing--40)\" aria-hidden=\"true\" class=\"wp-block-spacer\"><\/div>\n\n\n\n<figure class=\"wp-block-image alignwide size-large is-style-rounded\"><img loading=\"lazy\" decoding=\"async\" width=\"1024\" height=\"685\" src=\"https:\/\/www.kulturwerk2010.de\/2024\/wp-content\/uploads\/2024\/01\/L1650528-1024x685.jpg\" alt=\"\" class=\"wp-image-13\" srcset=\"https:\/\/www.kulturwerk2010.de\/2024\/wp-content\/uploads\/2024\/01\/L1650528-1024x685.jpg 1024w, https:\/\/www.kulturwerk2010.de\/2024\/wp-content\/uploads\/2024\/01\/L1650528-300x201.jpg 300w, https:\/\/www.kulturwerk2010.de\/2024\/wp-content\/uploads\/2024\/01\/L1650528-768x514.jpg 768w, https:\/\/www.kulturwerk2010.de\/2024\/wp-content\/uploads\/2024\/01\/L1650528-1536x1028.jpg 1536w, https:\/\/www.kulturwerk2010.de\/2024\/wp-content\/uploads\/2024\/01\/L1650528-2048x1370.jpg 2048w\" sizes=\"auto, (max-width: 1024px) 100vw, 1024px\" \/><\/figure>\n<\/div>\n\n\n\n<div class=\"wp-block-group alignfull has-base-background-color has-background has-global-padding is-layout-constrained wp-container-core-group-is-layout-d89aad35 wp-block-group-is-layout-constrained\" style=\"margin-top:0;margin-bottom:0;padding-top:var(--wp--preset--spacing--50);padding-right:var(--wp--preset--spacing--50);padding-bottom:var(--wp--preset--spacing--50);padding-left:var(--wp--preset--spacing--50)\">\n<div class=\"wp-block-columns alignwide is-layout-flex wp-container-core-columns-is-layout-549b0c86 wp-block-columns-is-layout-flex\">\n<div class=\"wp-block-column has-global-padding is-content-justification-left is-layout-constrained wp-container-core-column-is-layout-4f15e8fe wp-block-column-is-layout-constrained\" style=\"flex-basis:40%\">\n<figure class=\"wp-block-image size-large\"><img loading=\"lazy\" decoding=\"async\" width=\"288\" height=\"1024\" src=\"https:\/\/www.kulturwerk2010.de\/2024\/wp-content\/uploads\/2024\/01\/Kulturfarben-288x1024.jpg\" alt=\"\" class=\"wp-image-14\" srcset=\"https:\/\/www.kulturwerk2010.de\/2024\/wp-content\/uploads\/2024\/01\/Kulturfarben-288x1024.jpg 288w, https:\/\/www.kulturwerk2010.de\/2024\/wp-content\/uploads\/2024\/01\/Kulturfarben-84x300.jpg 84w, https:\/\/www.kulturwerk2010.de\/2024\/wp-content\/uploads\/2024\/01\/Kulturfarben.jpg 349w\" sizes=\"auto, (max-width: 288px) 100vw, 288px\" \/><\/figure>\n<\/div>\n\n\n\n<div class=\"wp-block-column is-layout-flow wp-container-core-column-is-layout-119bc444 wp-block-column-is-layout-flow\" style=\"flex-basis:60%\">\n<p class=\"has-heading-font-family has-large-font-size\" style=\"line-height:1.2\">Mit viel Liebe zu Kunst und Kultur und einer Verpflichtung zu Spitzenleistungen veranstalten wir Events, die das Leben der Menschen inspirieren, aufwerten und bereichern.<\/p>\n\n\n\n<div class=\"wp-block-columns is-layout-flex wp-container-core-columns-is-layout-87beb0d0 wp-block-columns-is-layout-flex\">\n<div class=\"wp-block-column is-layout-flow wp-block-column-is-layout-flow\">\n<p class=\"wp-container-content-9cfa9a5a\">KulturWerkWoche<\/p>\n\n\n\n<p>J\u00e4hrlich veranstalten wir eine gute Woche (10 Tage) voller Kultur. <\/p>\n\n\n\n<p>Ausstellung, Musik, Tanz, Theater, Performance und Vortrag\/Diskurs.<\/p>\n\n\n\n<p>Wir holen das nach Schl\u00fcchtern, was uns begeistert und inspiriert.<\/p>\n<\/div>\n\n\n\n<div class=\"wp-block-column is-layout-flow wp-block-column-is-layout-flow\">\n<p>Kunst in Hutten<\/p>\n\n\n\n<p>Dort, wo die Natur am sch\u00f6nsten ist, organisieren wir Jahr f\u00fcr Jahr &#8222;Kunst in der Natur&#8220;. Eine Woche lang arbeiten K\u00fcnstler in der Natur oder sie bringen Inspirierendes hinein in das Naturschutzgebiet &#8222;Heiligenborn&#8220;. 2 Monate darf es dort bleiben und betrachtet werden, bevor es spurlos verschwindet oder von der Natur verschlungen wird.<\/p>\n<\/div>\n<\/div>\n<\/div>\n<\/div>\n<\/div>\n\n\n\n<div class=\"wp-block-cover alignfull is-light has-parallax\" style=\"padding-top:var(--wp--preset--spacing--50);padding-right:var(--wp--preset--spacing--50);padding-bottom:var(--wp--preset--spacing--50);padding-left:var(--wp--preset--spacing--50);min-height:100vh;aspect-ratio:unset;\"><div class=\"wp-block-cover__image-background wp-image-15 has-parallax\" style=\"background-position:50% 50%;background-image:url(https:\/\/www.kulturwerk2010.de\/2024\/wp-content\/uploads\/2024\/01\/WhatsApp-Image-2018-07-24-at-13.09.101.jpeg)\"><\/div><span aria-hidden=\"true\" class=\"wp-block-cover__background has-base-background-color has-background-dim-0 has-background-dim\"><\/span><div class=\"wp-block-cover__inner-container has-global-padding is-layout-constrained wp-container-core-cover-is-layout-e4fd886c wp-block-cover-is-layout-constrained\">\n<div style=\"height:500px\" aria-hidden=\"true\" class=\"wp-block-spacer\"><\/div>\n<\/div><\/div>\n\n\n\n<div class=\"wp-block-group alignfull has-base-2-background-color has-background has-global-padding is-layout-constrained wp-container-core-group-is-layout-7cd14b77 wp-block-group-is-layout-constrained\" style=\"margin-top:0;margin-bottom:0;padding-top:var(--wp--preset--spacing--60);padding-right:var(--wp--preset--spacing--60);padding-bottom:var(--wp--preset--spacing--60);padding-left:var(--wp--preset--spacing--60)\">\n<div class=\"wp-block-group alignwide is-layout-flow wp-block-group-is-layout-flow\">\n<div style=\"height:var(--wp--preset--spacing--50)\" aria-hidden=\"true\" class=\"wp-block-spacer\"><\/div>\n\n\n\n<p class=\"has-text-align-center has-heading-font-family has-x-large-font-size\" style=\"font-style:normal;font-weight:400;line-height:1.2\">Das Kulturwerk ist immer an Innovation interessiert und freut sich \u00fcber neue Menschen mit neuen Ideen, die uns bereichern.<\/p>\n\n\n\n<div style=\"height:var(--wp--preset--spacing--50)\" aria-hidden=\"true\" class=\"wp-block-spacer\"><\/div>\n<\/div>\n<\/div>\n\n\n\n<figure class=\"wp-block-image alignfull size-large\"><img loading=\"lazy\" decoding=\"async\" width=\"1024\" height=\"171\" src=\"https:\/\/www.kulturwerk2010.de\/2024\/wp-content\/uploads\/2024\/01\/headergrafik-1024x171.jpg\" alt=\"\" class=\"wp-image-17\" srcset=\"https:\/\/www.kulturwerk2010.de\/2024\/wp-content\/uploads\/2024\/01\/headergrafik-1024x171.jpg 1024w, https:\/\/www.kulturwerk2010.de\/2024\/wp-content\/uploads\/2024\/01\/headergrafik-300x50.jpg 300w, https:\/\/www.kulturwerk2010.de\/2024\/wp-content\/uploads\/2024\/01\/headergrafik-768x128.jpg 768w, https:\/\/www.kulturwerk2010.de\/2024\/wp-content\/uploads\/2024\/01\/headergrafik.jpg 1080w\" sizes=\"auto, (max-width: 1024px) 100vw, 1024px\" \/><\/figure>\n\n\n\n<p><a href=\"https:\/\/www.kulturwerk2010.de\/2024\/verein\/\"><strong>Hier kannst du auch Mitglied werden!<\/strong><\/a><\/p>\n\n\n\n<p><\/p>\n","protected":false},"excerpt":{"rendered":"<p>\u00dcbersicht Im Jahr 2010 haben sich in Schl\u00fcchtern, im Bergwinkel, K\u00fcnstler zusammengefunden mit der Vision Kultur hier zu pr\u00e4sentieren (Kulturwerk Bergwinkel e.V.). Einige Aktive der ersten Stunde sind noch mit dabei, neue sind hinzu gekommen. Es war und ist bunt bei uns. Wir sind \u201aPREISWERT\u2018, d.h. in unseren Reihen sind K\u00fcnstler, die Kulturpreistr\u00e4ger des Main-Kinzig-Kreises [&hellip;]<\/p>\n","protected":false},"author":1,"featured_media":8,"parent":0,"menu_order":0,"comment_status":"closed","ping_status":"closed","template":"","meta":{"footnotes":""},"class_list":["post-12","page","type-page","status-publish","has-post-thumbnail","hentry"],"jetpack_sharing_enabled":true,"_links":{"self":[{"href":"https:\/\/www.kulturwerk2010.de\/2024\/wp-json\/wp\/v2\/pages\/12","targetHints":{"allow":["GET"]}}],"collection":[{"href":"https:\/\/www.kulturwerk2010.de\/2024\/wp-json\/wp\/v2\/pages"}],"about":[{"href":"https:\/\/www.kulturwerk2010.de\/2024\/wp-json\/wp\/v2\/types\/page"}],"author":[{"embeddable":true,"href":"https:\/\/www.kulturwerk2010.de\/2024\/wp-json\/wp\/v2\/users\/1"}],"replies":[{"embeddable":true,"href":"https:\/\/www.kulturwerk2010.de\/2024\/wp-json\/wp\/v2\/comments?post=12"}],"version-history":[{"count":4,"href":"https:\/\/www.kulturwerk2010.de\/2024\/wp-json\/wp\/v2\/pages\/12\/revisions"}],"predecessor-version":[{"id":459,"href":"https:\/\/www.kulturwerk2010.de\/2024\/wp-json\/wp\/v2\/pages\/12\/revisions\/459"}],"wp:featuredmedia":[{"embeddable":true,"href":"https:\/\/www.kulturwerk2010.de\/2024\/wp-json\/wp\/v2\/media\/8"}],"wp:attachment":[{"href":"https:\/\/www.kulturwerk2010.de\/2024\/wp-json\/wp\/v2\/media?parent=12"}],"curies":[{"name":"wp","href":"https:\/\/api.w.org\/{rel}","templated":true}]}}

<div class="wp-block-group alignfull has-accent-2-background-color has-background has-global-padding is-layout-constrained wp-container-core-group-is-layout-669513ed wp-block-group-is-layout-constrained" style="margin-top:0;margin-bottom:0;padding-top:var(--wp--preset--spacing--50);padding-right:var(--wp--preset--spacing--50);padding-bottom:var(--wp--preset--spacing--50);padding-left:var(--wp--preset--spacing--50)">
<div class="wp-block-columns alignwide is-layout-flex wp-container-core-columns-is-layout-28f84493 wp-block-columns-is-layout-flex">
<div class="wp-block-column is-layout-flow wp-block-column-is-layout-flow" style="flex-basis:40%">
<p class="wp-container-content-0733e5d0">Übersicht</p>
</div>



<div class="wp-block-column is-layout-flow wp-block-column-is-layout-flow" style="flex-basis:60%">
<p class="has-heading-font-family has-large-font-size" style="line-height:1.2">Im Jahr 2010 haben sich in Schlüchtern, im Bergwinkel, Künstler zusammengefunden mit der Vision Kultur hier zu präsentieren (Kulturwerk Bergwinkel e.V.). Einige Aktive der ersten Stunde sind noch mit dabei, neue sind hinzu gekommen. Es war und ist bunt bei uns. Wir sind ‚PREISWERT‘, d.h. in unseren Reihen sind Künstler, die Kulturpreisträger des Main-Kinzig-Kreises sind.</p>
</div>
</div>



<div style="height:var(--wp--preset--spacing--40)" aria-hidden="true" class="wp-block-spacer"></div>



<figure class="wp-block-image alignwide size-large is-style-rounded"><img loading="lazy" decoding="async" width="1024" height="685" src="https://www.kulturwerk2010.de/2024/wp-content/uploads/2024/01/L1650528-1024x685.jpg" alt="" class="wp-image-13" srcset="https://www.kulturwerk2010.de/2024/wp-content/uploads/2024/01/L1650528-1024x685.jpg 1024w, https://www.kulturwerk2010.de/2024/wp-content/uploads/2024/01/L1650528-300x201.jpg 300w, https://www.kulturwerk2010.de/2024/wp-content/uploads/2024/01/L1650528-768x514.jpg 768w, https://www.kulturwerk2010.de/2024/wp-content/uploads/2024/01/L1650528-1536x1028.jpg 1536w, https://www.kulturwerk2010.de/2024/wp-content/uploads/2024/01/L1650528-2048x1370.jpg 2048w" sizes="auto, (max-width: 1024px) 100vw, 1024px" /></figure>
</div>



<div class="wp-block-group alignfull has-base-background-color has-background has-global-padding is-layout-constrained wp-container-core-group-is-layout-d89aad35 wp-block-group-is-layout-constrained" style="margin-top:0;margin-bottom:0;padding-top:var(--wp--preset--spacing--50);padding-right:var(--wp--preset--spacing--50);padding-bottom:var(--wp--preset--spacing--50);padding-left:var(--wp--preset--spacing--50)">
<div class="wp-block-columns alignwide is-layout-flex wp-container-core-columns-is-layout-549b0c86 wp-block-columns-is-layout-flex">
<div class="wp-block-column has-global-padding is-content-justification-left is-layout-constrained wp-container-core-column-is-layout-4f15e8fe wp-block-column-is-layout-constrained" style="flex-basis:40%">
<figure class="wp-block-image size-large"><img loading="lazy" decoding="async" width="288" height="1024" src="https://www.kulturwerk2010.de/2024/wp-content/uploads/2024/01/Kulturfarben-288x1024.jpg" alt="" class="wp-image-14" srcset="https://www.kulturwerk2010.de/2024/wp-content/uploads/2024/01/Kulturfarben-288x1024.jpg 288w, https://www.kulturwerk2010.de/2024/wp-content/uploads/2024/01/Kulturfarben-84x300.jpg 84w, https://www.kulturwerk2010.de/2024/wp-content/uploads/2024/01/Kulturfarben.jpg 349w" sizes="auto, (max-width: 288px) 100vw, 288px" /></figure>
</div>



<div class="wp-block-column is-layout-flow wp-container-core-column-is-layout-119bc444 wp-block-column-is-layout-flow" style="flex-basis:60%">
<p class="has-heading-font-family has-large-font-size" style="line-height:1.2">Mit viel Liebe zu Kunst und Kultur und einer Verpflichtung zu Spitzenleistungen veranstalten wir Events, die das Leben der Menschen inspirieren, aufwerten und bereichern.</p>



<div class="wp-block-columns is-layout-flex wp-container-core-columns-is-layout-87beb0d0 wp-block-columns-is-layout-flex">
<div class="wp-block-column is-layout-flow wp-block-column-is-layout-flow">
<p class="wp-container-content-9cfa9a5a">KulturWerkWoche</p>



<p>Jährlich veranstalten wir eine gute Woche (10 Tage) voller Kultur. </p>



<p>Ausstellung, Musik, Tanz, Theater, Performance und Vortrag/Diskurs.</p>



<p>Wir holen das nach Schlüchtern, was uns begeistert und inspiriert.</p>
</div>



<div class="wp-block-column is-layout-flow wp-block-column-is-layout-flow">
<p>Kunst in Hutten</p>



<p>Dort, wo die Natur am schönsten ist, organisieren wir Jahr für Jahr &#8222;Kunst in der Natur&#8220;. Eine Woche lang arbeiten Künstler in der Natur oder sie bringen Inspirierendes hinein in das Naturschutzgebiet &#8222;Heiligenborn&#8220;. 2 Monate darf es dort bleiben und betrachtet werden, bevor es spurlos verschwindet oder von der Natur verschlungen wird.</p>
</div>
</div>
</div>
</div>
</div>



<div class="wp-block-cover alignfull is-light has-parallax" style="padding-top:var(--wp--preset--spacing--50);padding-right:var(--wp--preset--spacing--50);padding-bottom:var(--wp--preset--spacing--50);padding-left:var(--wp--preset--spacing--50);min-height:100vh;aspect-ratio:unset;"><div class="wp-block-cover__image-background wp-image-15 has-parallax" style="background-position:50% 50%;background-image:url(https://www.kulturwerk2010.de/2024/wp-content/uploads/2024/01/WhatsApp-Image-2018-07-24-at-13.09.101.jpeg)"></div><span aria-hidden="true" class="wp-block-cover__background has-base-background-color has-background-dim-0 has-background-dim"></span><div class="wp-block-cover__inner-container has-global-padding is-layout-constrained wp-container-core-cover-is-layout-e4fd886c wp-block-cover-is-layout-constrained">
<div style="height:500px" aria-hidden="true" class="wp-block-spacer"></div>
</div></div>



<div class="wp-block-group alignfull has-base-2-background-color has-background has-global-padding is-layout-constrained wp-container-core-group-is-layout-7cd14b77 wp-block-group-is-layout-constrained" style="margin-top:0;margin-bottom:0;padding-top:var(--wp--preset--spacing--60);padding-right:var(--wp--preset--spacing--60);padding-bottom:var(--wp--preset--spacing--60);padding-left:var(--wp--preset--spacing--60)">
<div class="wp-block-group alignwide is-layout-flow wp-block-group-is-layout-flow">
<div style="height:var(--wp--preset--spacing--50)" aria-hidden="true" class="wp-block-spacer"></div>



<p class="has-text-align-center has-heading-font-family has-x-large-font-size" style="font-style:normal;font-weight:400;line-height:1.2">Das Kulturwerk ist immer an Innovation interessiert und freut sich über neue Menschen mit neuen Ideen, die uns bereichern.</p>



<div style="height:var(--wp--preset--spacing--50)" aria-hidden="true" class="wp-block-spacer"></div>
</div>
</div>



<figure class="wp-block-image alignfull size-large"><img loading="lazy" decoding="async" width="1024" height="171" src="https://www.kulturwerk2010.de/2024/wp-content/uploads/2024/01/headergrafik-1024x171.jpg" alt="" class="wp-image-17" srcset="https://www.kulturwerk2010.de/2024/wp-content/uploads/2024/01/headergrafik-1024x171.jpg 1024w, https://www.kulturwerk2010.de/2024/wp-content/uploads/2024/01/headergrafik-300x50.jpg 300w, https://www.kulturwerk2010.de/2024/wp-content/uploads/2024/01/headergrafik-768x128.jpg 768w, https://www.kulturwerk2010.de/2024/wp-content/uploads/2024/01/headergrafik.jpg 1080w" sizes="auto, (max-width: 1024px) 100vw, 1024px" /></figure>



<p><a href="https://www.kulturwerk2010.de/2024/verein/"><strong>Hier kannst du auch Mitglied werden!</strong></a></p>



<p></p>

<p>Übersicht Im Jahr 2010 haben sich in Schlüchtern, im Bergwinkel, Künstler zusammengefunden mit der Vision Kultur hier zu präsentieren (Kulturwerk Bergwinkel e.V.). Einige Aktive der ersten Stunde sind noch mit dabei, neue sind hinzu gekommen. Es war und ist bunt bei uns. Wir sind ‚PREISWERT‘, d.h. in unseren Reihen sind Künstler, die Kulturpreisträger des Main-Kinzig-Kreises [&hellip;]</p>
